- 51. Let m(n) = 6*b(n) + 11*p(n). Calculate m(12).
14
Let y(p) be the second derivative of 0 + 7/12*p**4 + 1/20*p**5 - 9/2*p**2 - 1/6*p**3 - 24*p. Calculate y(-7).
-2
Suppose 0*o - 4*o + i = -4, -4*o + 24 = 4*i. Let y(c) = -o*c + c + 3*c - 2. Let j = 18 - 22. Calculate y(j).
-10
Let t(d) be the first derivative of -d**3/3 + 10*d**2 - 39*d + 283. What is t(18)?
-3
Suppose -3*s + 65 = u + 20, 2*s - u - 25 = 0. Let c be (s + -16)*(-5)/(-2). Let a(y) = -y**3 - 4*y**2 + 6*y + 4. Calculate a(c).
-1
Let u = 23 - 21. Let l be -5 - (4 + (-8)/u). Let z(r) = r**2 + 5*r + 3. Determine z(l).
3
Let b(r) = -2 + 0 + 5 + 23*r - 22*r. What is b(5)?
8
Let n(x) = -x**2 - 13*x - 35. Let i be n(-8). Let v(d) = -11 + i*d + 2 - d**2 + 3*d. Give v(7).
-2
Let j(p) be the second derivative of p**5/40 + p**4/8 - 5*p**3/6 - 5*p. Let i(k) be the second derivative of j(k). Give i(-3).
-6
Let f(p) = p**2 + 10*p - 12. Let t = 801 - 812. Give f(t).
-1
Let h(g) = g - 7. Let x be h(10). Suppose -5*s = -x*w - 8, 0 = 3*s + 2*s + 10. Let r(b) = -2*b - 5. Calculate r(w).
7
Let i = 399 + -396. Let p(j) = 5*j**2 - 3*j - 6. Let b(c) = 11*c**2 - 6*c - 13. Let r(t) = -4*b(t) + 9*p(t). Give r(i).
-2
Let i(r) = -2*r**3 - r**2 - 3*r - 1. Let m(k) = 11*k**3 + 16*k**2 + 24*k + 11. Let q(a) = 5*i(a) + m(a). Give q(-10).
16
Suppose 279*m = 263*m + 240. Let r(z) = z - 18. Determine r(m).
-3
Suppose -3*x + 1 + 2 = 0. Let n(l) = -133*l - 56. Let b(r) = -7*r - 3. Let f = -15 - -18. Let p(v) = f*n(v) - 56*b(v). What is p(x)?
-7
Let n(t) = t**3 - 14*t**2 + 2*t + 1. Let d(p) = -2*p**3 + 43*p**2 - 6*p - 3. Let c(s) = 2*d(s) + 6*n(s). Let v be 0 - ((-4)/1)/(-2). Calculate c(v).
-8
Let n(f) = -f**2 - 13*f. Let c be n(-13). Suppose -4*p - 1 + 9 = c. Let w(k) = k**3 - k + 7*k - 1 + 6*k**p - 5. What is w(-5)?
-11
Let z(g) = -7*g + 101. Let h be z(13). Let y(f) = -f**3 + 11*f**2 - 10*f + 8. What is y(h)?
8
Let h(j) = -5*j + 9. Let n be h(-3). Let b = -30 + n. Let d(i) = 2*i + 4. What is d(b)?
-8
Let k(x) = 19*x**2 - 2*x + 1. Let u(d) = -d - 11. Let p be u(7). Let i be (1/(-6))/(3/p). Give k(i).
18
Let d be 23/(-3) - (-4)/6. Let f(o) = 11 - 2*o + o - 20. What is f(d)?
-2
Let w be 210/(-49)*(-28)/6. Suppose 11*b = 6*b - w. Let i(f) = f**3 + 4*f**2 - 3*f - 6. Determine i(b).
6
Let z(d) be the third derivative of -d**6/120 + d**4/24 - d**3/3 + d**2. Let x(n) = 2*n - 6. Let g be x(4). Calculate z(g).
-8
Suppose y = -2*a + 7, -9*y - 14 = -11*y + 2*a. Let q(u) = u**3 - 9*u**2 + 17*u - 15. Determine q(y).
6
Let y(l) be the second derivative of l**5/20 - l**4/3 + 2*l**3/3 + 2*l**2 - 174*l. Give y(2).
4
Let u(y) = 14*y - 21. Let w = -13 + 24. Let g(h) = 8 - 1 - w*h + 6*h. Let i(s) = 17*g(s) + 6*u(s). What is i(-5)?
-2
Let y(x) be the first derivative of -1 - x + 3/2*x**2. Suppose -5*z = v + 6, -2*z = -43*v + 38*v - 3. Determine y(z).
-4
Let c(z) = -2*z - 2. Let s(l) = l**2 - 7*l - 4. Let t be s(8). Suppose 0 = t*j + o + o + 18, -4*o = 5*j + 24. Calculate c(j).
6
Let b(l) be the third derivative of -l**6/120 - l**5/10 + l**4/12 - 5*l**2. Let q = -191 - -185. Calculate b(q).
-12
Suppose 5*c = -3*o - 61, 1 = 3*c - 4*c + 5*o. Let d(s) = -s**2 - 11*s - 9. What is d(c)?
-9
Let b(y) be the third derivative of y**6/120 + y**5/30 - y**4/12 + y**3/3 - y**2. Let g = 1229 - 1232. Give b(g).
-1
Suppose 78*m - 83*m = -85. Let a(s) = 32*s - m*s - 5 - 12*s. Give a(6).
13
Let y(q) = 9*q**2 - q - 2. Let b(h) = 48*h + 98. Let n be b(-2). What is y(n)?
32
Let j(m) = -m + 7. Let y be j(4). Let f(k) = -2 + 2 + k - y + k. Let w(u) = -u**2 + 3*u + 7. Let q be w(-2). What is f(q)?
-9
Let s(h) = -h**3 - 2*h**2 - 6*h + 2. Let b(j) = -j**3 + j**2 - 2. Let m(a) = 2*b(a) - s(a). What is m(4)?
18
Let w(h) = 4*h**3 - 4 + 4 - h**2 + 2*h - 5*h**3 - 13. Let t(j) = j**3 + j**2 - j. Let z(x) = -2*t(x) - w(x). Give z(0).
13
Let r(p) = -5*p + 5. Let s be (-222)/30 - (6/(-15) + 0). What is r(s)?
40
Let d = 47 - 48. Let l(z) = -15*z**3 + 4*z**2 - 3*z + 5. Let w(t) = 16*t**3 - 5*t**2 + 4*t - 6. Let n = -11 + 15. Let j(a) = n*w(a) + 5*l(a). What is j(d)?
11
Let k(o) = -o + 28 - 15 - 15 + 0*o. Let c be -4 + (-9)/((-27)/(-12)). What is k(c)?
6
Let d(t) be the second derivative of -t**4/12 - 4*t**3/3 + 37*t**2/2 + 20*t - 16. What is d(-11)?
4
Suppose 7*r - 185 = 2*r. Let x = 39 - r. Let s(f) = -2*f**2 - 4*f**2 + x*f**3 + 2*f - 3*f**3 + 4. What is s(-6)?
-8
Let h(i) = 15*i + 550 - 18*i - 562. What is h(-5)?
3
Let n(j) be the second derivative of -j - 5/2*j**2 - 1/2*j**3 + 0. What is n(-5)?
10
Let n(b) = 21 - 37*b**2 + 7*b + 38*b**2 - 20. Determine n(5).
61
Let y(f) be the second derivative of -5/2*f**2 - 18*f + 1/20*f**5 + 0 + 2/3*f**4 + 7/6*f**3. Suppose c + 26 = -4*z - c, 3*z + 4*c = -17. What is y(z)?
-5
Let a(l) = -3*l**2 - 2*l. Let u(i) = -4*i**2 - 2*i. Let f = 18 + -13. Suppose 5*g = -f*s, 5*g - 11 = -2*s + 4. Let o(y) = g*a(y) - 4*u(y). Calculate o(1).
-1
Let v(s) = -2*s + 1. Let z be v(6). Let q(d) = -d**2 - 11*d + 9. Determine q(z).
9
Let x(f) = 30*f - 73. Let a be x(7). Let g = a + -141. Let i(b) = -b**3 - 6*b**2 - 2*b + 2. Calculate i(g).
-22
Let l = 18 + -16. Suppose l*m - 2414 = -3*f, -4*f + 2*m = -9*f + 4026. Let k(c) = -1 + 800*c + 0 - f*c. Calculate k(-1).
5
Let y(q) = -q + 5. Let a = 3 + -3. Suppose -5*f + 6 + 19 = a. Determine y(f).
0
Let n be (14/21 + 0)/((-1)/(-18)). Let p(z) = z**3 - 13*z**2 + 12*z + 11. Calculate p(n).
11
Let k = -1 - -2. Let y(o) = 2*o**2 + 4*o + 2. Let q be 18*(2/(-15))/(34/(-85)). Let b(x) = x**2 + 6*x + 3. Let a(u) = q*y(u) - 4*b(u). Give a(k).
8
Let c(p) be the first derivative of -p**2/2 + 2*p + 1. Let o(u) = 5*u - 4. Let y be o(2). Suppose 0 + 8 = -2*a - 4*j, -2*a = -3*j - y. What is c(a)?
2
Let c(o) = -3 + 1 + 3*o - 2*o**2 + 2*o. Let x be (20/10)/((-2)/(-4)). Let h be -2*(x + -3) + 5. Give c(h).
-5
Let l(n) = n**3 - 8*n**2 + 10*n - 14. Let x be (-135)/27 + 1*(13 - 1). Give l(x).
7
Let i(z) = -z**3 - 6*z**2 + z + 8. Suppose -y + 22 = -3. Let d = y + -31. Determine i(d).
2
Suppose 2*o - 9 = -c + 16, 4*o - 5*c - 85 = 0. Suppose 0 = -5*b - 5*s + o, -4*b = -4*s + 3*s + 3. Let y(w) = 2*w**3 - 4*w - w**3 + b*w**3. Determine y(-3).
-15
Let p = 24 + -19. Let k(t) be the third derivative of t**4/12 - t**3 - 3*t**2 + 4*t. Calculate k(p).
4
Let t = -90 - -97. Let g be (-22)/(-88) + t/4. Let o(p) = -2*p - 1. Calculate o(g).
-5
Let u(w) = -7*w**3 + 1. Suppose 0*x + 2 = 2*x, j - 4*x + 7 = 0. Let k be (40/30)/((-4)/j). Give u(k).
-6
Suppose 50*i + 357 = 71*i. Let h(y) = -y**3 + 16*y**2 + 16*y + 3. Calculate h(i).
-14
Let j(h) = 5*h**3 - 2*h**3 - 5*h - h - 7*h**2 - 3 - 4*h**3 + 9. Give j(-6).
6
Suppose -d = 6*d - 28. Let t be (d - 6)*(-3)/(-6). Let b(c) be the first derivative of 2*c**3 + c**2/2 - 2. Calculate b(t).
5
Let q = 11 - 19. Let v(g) = g**3 + 7*g**2 - 7*g + 10. Let w be v(q). Let k(c) = c + c**2 - 5*c + c**2 - c**w + 1. Calculate k(5).
6
Let a(r) = -r + 2*r - 8 + 11. Determine a(-2).
1
Let n be (-2)/(-6) - 385/(-33). Let j(u) = 3 - 11 + n + 2*u. What is j(-5)?
-6
Let d be (-1 - 6/(-12))*0. Let f(q) = q - 3. Determine f(d).
-3
Let r(p) = 2*p + 2*p - 6 - p - 7*p - 29. Calculate r(-10).
5
Let n(b) = -2*b**3 - 21*b**2 - 12*b - 18. Suppose -52 = -5*a + 4*m - 106, 2*a + 19 = -m. What is n(a)?
2
Suppose 7*v - 96 = -17*v. Let c(q) = -q**3 + 5*q**2 - 4*q + 2. Calculate c(v).
2
Suppose 5*x - 2*x - 4*t = -10, 2*x - 12 = -2*t. Let q(w) = 3*w**2 - 2*w - 1. Give q(x).
7
Let w(q) = q**2 - 6*q + 6. Let o be w(6). Let y be -1*8/(-12)*o. Let r(p) = p**2 + 0 - y*p + 1 - 3 - 2*p**2. Determine r(-4).
-2
Let b(g) = -g + 8. Let x(o) = 4. Suppose 2*j - 2*c = 6, 2*j + 4*c - 5 = 25. Let h(f) = j*x(f) - 3*b(f). Calculate h(4).
16
Let j(l) = l**3 - 12*l**2 - 9*l + 11. Let u(v) = v**3 - v**2 - v - 1. Let s(q) = j(q) - 2*u(q). Determine s(-9).
-5
Let z = 21 + -18. Suppose -z*a - o - 20 = -0*o, 0 = 2*o + 10. Let i(m) = 2 - 6*m**2 + 5*m**3 - 6*m**3 - 2*m + 4. Calculate i(a).
-9
Let j(u) = 7*u**2 - 22*u + 5. Let c(t) = -6*t**2 + 19*t - 4. Let b(i) = -6*c(i) - 5*j(i). What is b(2)?
-5
Let l(c) = -16*c**3 - 7*c + 7. Let u be l(1). Let n(r) = r + 16. Give n(u).
0
Suppose 0 = -4*q - 16, 5*f + 16 = 5*q - 9*q. Let w(t) = 2*t + 4. What is w(f)?
4
Let y be 3/(((-30)/(-4))/5). Let x(b) = 4*b**2 + 15*b**3 - b**2 - 4 - b**y + 2*b + 5. Let l = 45 - 46. What is x(